 digit of m?
2
What is the tens digit of 2*3/12*46?
2
Let d = -80 + 191. What is the units digit of d?
1
Let k = 36 - -19. What is the tens digit of k?
5
Suppose -2*a = -0*a + 6. Let z = a - -7. What is the units digit of z?
4
Suppose 3*a - 8*a + 225 = 0. What is the tens digit of a?
4
Let p = 10 + -8. Suppose -2*n - 3*s + 43 = -p*s, -2*n + 2*s = -34. What is the tens digit of n?
2
Suppose 8*t - 225 = 167. What is the tens digit of t?
4
Suppose 0 = -m + 107 - 355. Let k be (-18)/(-30) + m/5. What is the units digit of (-47)/(-7) - 14/k?
7
Suppose -v + 255 = 3*f + 22, 0 = 2*v + 8. What is the units digit of f?
9
Suppose -4*m + 6 = -6. Suppose 0*w + m*w = 27. What is the units digit of w?
9
Let v(p) be the first derivative of 2*p**3 + p**2 - 4. Let t be v(2). What is the units digit of (7/14)/(2/t)?
7
Let i = -28 - -40. What is the units digit of i?
2
Let j(t) = -t + 22. Suppose 4*m = l - m + 6, 39 = 5*l - 2*m. What is the tens digit of j(l)?
1
Suppose 0 = -5*j + 5*n + 210, -3*j - n + 32 = -106. What is the units digit of j?
5
Let s(b) = b**3 - 5*b**2 + 3. Let c be s(5). Let p = c - -6. What is the units digit of p?
9
Suppose p - 5*p = -8. Suppose 5*u = p*u + 12. Let s = u - 1. What is the units digit of s?
3
Let d be 3/(9/(-24)) + -3. Let s(j) = 3*j + 13. Let l(q) = 2*q + 7. Let t(v) = d*l(v) + 6*s(v). What is the units digit of t(-2)?
9
Suppose 7*u = 2*u - 3*a, 8 = -4*u - 4*a. What is the tens digit of u/(9/2)*33?
2
Suppose -n + 2*n = 2, 2*n = r + 2. Suppose 0*g - r*g + m + 16 = 0, -4*g = -5*m - 32. What is the units digit of g?
8
Suppose -2*p = -4*l + 234 - 10, -2*l - 4*p + 112 = 0. What is the units digit of l?
6
Let c be 0 - 5/(10/(-4)). Let t(w) = -24*w**2 - 3 + 14*w**2 + w - w**3 + 1 + 14*w**2. What is the units digit of t(c)?
8
Suppose -4*s = 2*l - s + 13, 0 = 5*l + 2*s + 5. Let i = 12 - l. What is the units digit of i?
1
Suppose -t - 4*t + 35 = 0. Suppose 3*q - 18 = -3*p, -2*p - 18 = -q - t*p. Suppose -2*x = q*x - 70. What is the units digit of x?
4
Suppose j = -5*a + 14, -j - 2*a + 4 = j. Let k(w) = 8*w**2 + w + 1. Let x be k(j). Let f = 11 - x. What is the units digit of f?
3
What is the units digit of 2/(-9) + (-128)/(-9)?
4
Let j(x) = -x**3 + 3*x**2 + 5*x + 3. Let u be j(4). Suppose -2*w + 2*s - 13 = u*s, 3*w - 43 = 5*s. What is the units digit of w?
6
Suppose -2*n = -7*n - 3*f + 21, -n + f + 1 = 0. What is the units digit of n?
3
Let i(q) = -q**3 + q**2 - q + 25. Suppose 5*d + 5 = 5*m, 0 = 2*m - 5*d + 2 - 7. What is the tens digit of i(m)?
2
Suppose -5*b + 1428 = 2*n - 130, 3*b + 2*n = 934. What is the units digit of b?
2
Let k(c) = c**3 - 11*c**2 + 5*c - 15. What is the tens digit of k(11)?
4
Let j(k) = k**2 + 6*k - 2. Let q be (-1)/1*(7 + -2). Let h be j(q). What is the units digit of (-52)/(-14) + (-2)/h?
4
Let l(c) = c**2 + 4*c - 1. Let v(n) = -n - 1. Let i be v(-1). Let j = -5 - i. What is the units digit of l(j)?
4
Let s(h) = -h**3 - 7*h**2 - 5*h + 2. Let c be s(-6). Let q(k) = k - 4. Let z be q(4). Let t = z - c. What is the units digit of t?
4
Let a = 5 - 1. Let r(i) = 2 + 0*i**2 - 3*i**2 + 4*i + a*i**2. What is the tens digit of r(-6)?
1
Let s = -10 - -13. Suppose 3*a = s*i - 10 + 67, a + i = 19. What is the tens digit of a?
1
Let c = -3 - -2. Let s be 2 - 1*1/c. Suppose -v = -5*n + 38, 3*n = s*v + 2*v + 36. What is the units digit of n?
7
Let r(t) = -t**2 - 34*t - 2. What is the units digit of r(-7)?
7
Suppose 3 = -o - 2*o. Let a(u) = -4 + 3 + u - 5*u**3 - 2*u. What is the units digit of a(o)?
5
Suppose 4*l - 143 = -55. What is the tens digit of l?
2
What is the tens digit of ((-9)/(-12))/((-2)/(-40))?
1
Let b(u) = -7*u - 6. What is the tens digit of b(-4)?
2
Let o = 72 - 47. What is the tens digit of o?
2
Let p be 33*7/9*3. Let b = p - 52. What is the tens digit of b?
2
Suppose 3*g = g. Suppose g*u = 5*u + 50. Let r = u + 20. What is the units digit of r?
0
Let j = 5 - 7. Let g(i) = -i**3 - 3*i**2 - i + 2. Let m be g(j). Suppose -2*n = -m*n - 12. What is the units digit of n?
6
Let k be 3/4*8/2. Suppose -9 = 3*a - 3*j, -a - j = -k*j + 8. Suppose a*n + 0 - 8 = 0. What is the units digit of n?
4
Let c(q) = q**3 + 8*q**2 - 10*q + 4. Let w be c(-9). Let i = 18 - w. What is the units digit of i?
5
Let f = 229 - 103. What is the hundreds digit of f?
1
Let o = -12 + 30. What is the units digit of o?
8
Let r(c) = -c**3 + 8*c**2 - 4*c - 7. Let y be r(7). Suppose 5*g - y = -4. What is the units digit of g?
2
Let m be (5/(-2) - -1)*-8. Let h = m - 2. What is the tens digit of h?
1
Suppose t + 3*b - 289 = 0, -15*b - 1365 = -5*t - 14*b. What is the tens digit of t?
7
Suppose 0 = 4*x - 2*h - 24, 2*x + h - 10 = 2. Let v(l) = -l**3 + 6*l**2 + 3*l + 5. What is the units digit of v(x)?
3
Let n(x) = -x**3 + 4*x**2 - 2*x + 2. Let a be n(4). Let s = a + 29. What is the units digit of s?
3
Let j = -207 - -349. What is the units digit of j?
2
Let q(s) = -10*s - 16. Let t be q(-11). Suppose 4*l = 3*c + 107, -2*l - l = -5*c - t. What is the tens digit of l?
2
Let f = -3 + 5. Suppose o = 3*v - v - 6, 3*v = f*o + 8. Let t = v + 2. What is the units digit of t?
6
Let f be (-1705)/(-15) + (-4)/6. Suppose -4*c - f = 2*d - 7*d, -2*c + 80 = 4*d. What is the tens digit of d?
2
Let f(b) = -2*b**3 - 19*b**2 + 15*b - 13. Let z(c) = c**3 + 10*c**2 - 8*c + 7. Let v(p) = -4*f(p) - 7*z(p). What is the units digit of v(-6)?
7
Suppose 4*y - 15 = -y. Let i(p) = 6*p + 1. What is the units digit of i(y)?
9
Let w = -60 + 102. What is the tens digit of w?
4
Suppose -83 = 3*u + 49. Let f = 20 + u. What is the units digit of f/(-9) + 2/(-3)?
2
Suppose -i - 4*i + 150 = 0. What is the units digit of i?
0
Suppose -5*w = 4*v - 7, 0 = 7*w - 2*w - 2*v - 19. Suppose w = -5*d + 28. Let i = d + -4. What is the units digit of i?
1
Let f = 31 - 26. What is the units digit of f?
5
Suppose -22*k + 75 = -17*k. What is the units digit of k?
5
Let p(j) = -4*j. What is the hundreds digit of p(-25)?
1
What is the units digit of 69/4 - 6/24?
7
Let t(q) = 14*q**2 + 7 - 7. What is the units digit of t(1)?
4
Let u = -9 - -54. What is the units digit of u?
5
Let h = 416 + -185. What is the tens digit of h?
3
Let r = -6 + 8. Suppose -r*l - 3*v = -29, l + 0*v - 3*v = -8. Let g = -5 + l. What is the units digit of g?
2
What is the tens digit of (-12)/5*(-3 - 483/9)?
3
Suppose -3*i + 104 = i. Suppose s = -s + i. What is the units digit of s?
3
Let k = -105 - -213. Suppose 0 = -0*c + 4*c - k. What is the units digit of c?
7
Let a(r) = 3*r - 15. Let j be a(6). Suppose j*n = 4*n - 29. What is the units digit of n?
9
Let z = 6 + 4. Suppose -g = 2*g + 2*k - 25, 2*g = 4*k - z. What is the units digit of g?
5
Suppose -4*v = 3*y - 65, 3*v + 0*y = 2*y + 36. Suppose -x = -0*x - v. What is the units digit of x?
4
Suppose -5*m + 7 + 18 = 0. Suppose y - 5*y + 8 = 0. Suppose m*t - 2*o - 3*o = 55, 2*t + y*o - 30 = 0. What is the tens digit of t?
1
Let x = -2 - -5. Suppose 8 + x = i. What is the units digit of i?
1
Let u(h) = h**3 - 2*h**2 - h. Let k(j) = -j**3 + 3*j**2 + 2*j. Let w(n) = -3*k(n) - 5*u(n). What is the tens digit of w(-2)?
2
Let a = -34 - -104. What is the tens digit of a?
7
Let w = 56 + -30. What is the tens digit of w?
2
Suppose 0 = -2*n - 2, 5*n + 9 = 2*d + 4*n. Suppose 6 = 2*q - d. Suppose -4 = q*i - 44. What is the units digit of i?
8
Let w be ((-1 - -3) + -3)*-2. What is the tens digit of 2*((-30)/(-3))/w?
1
Suppose 0 = 5*u - 20. Let g be (0 - 2) + u + -1. Suppose 0 = -3*h - 5*i + 29, i + 3 = g. What is the tens digit of h?
1
Suppose 0 = -q - 2, 5*q - 2 = 3*x - 18. Let w(b) = x*b - 4*b + b - 8*b. What is the units digit of w(-1)?
9
Let o(b) = b**3 + 7*b - 7. Let u be o(5). Suppose 0*s - 3*d = -3*s + u, -3*s = -4*d - 153. What is the units digit of s?
1
Suppose 5*f - 7 = 3. Suppose 5*p + 5 = c - 15, -f*p = 0. What is the tens digit of c?
2
Suppose -4*i + 174 + 254 = 0. What is the tens digit of i?
0
Let s(o) = -o**3 + 4*o**2 + 12*o - 11. Let f(m) = m**3 - 4*m**2 - 11*m + 10. Let q(n) = -6*f(n) - 5*s(n). What is the units digit of q(4)?
9
Let n be 3 + 5/(10/(-6)). Let l = 6 - n. What is the units digit of l?
6
Let r(w) = 4*w**2 - 19*w - 7. What is the units digit of r(6)?
3
Suppose -171 + 31 = -2*b. What is the units digit of b?
0
Let w = 80 - 32. What is the units digit of w?
8
Suppose 